 u*c - 2462. What is the hundreds digit of c?
1
Let h = -11 + 251. Suppose 29*o - 7126 = h. What is the hundreds digit of o?
2
Suppose 3*k - 3 = 0, 86795 = 2*f + 24*k - 21*k. What is the thousands digit of f?
3
Suppose 0 = -n - v - 9, 0 = v - 4. Let i = n - -19. Suppose i*q - 201 = 51. What is the tens digit of q?
4
What is the hundreds digit of (256/(-14) + -10 + 16)*-217?
6
Suppose -90*c + 3*l - 2743 = -91*c, 0 = -5*c + 3*l + 13823. What is the units digit of c?
1
Let o(y) = -y**3 + 2*y**2 - 7*y + 624. Let s be o(0). Let v = s + -399. What is the hundreds digit of v?
2
Let s = 13872 + -627. What is the hundreds digit of s?
2
Let l(z) = -z**2 - 34*z + 59. Let n be l(-27). Let y = n - 146. What is the tens digit of y?
0
Let v = 131 - 128. What is the units digit of v/(9/300) + 6?
6
Suppose 113*o - 2158 = 111*o. Suppose 9751 = 30*b - o. What is the units digit of b?
1
Let a be -2*((-52)/8 + 9). What is the units digit of -2*(-4 - a) + 765?
3
Let l = 5481 + -2826. What is the thousands digit of l?
2
Suppose -4*x = -4*u + 66832, 5*u + 64359 = -5*x - 19221. What is the tens digit of (-1)/(-5) - x/40?
1
Suppose -5*l + 6*l - 4*k = 204, -2*l = -3*k - 408. What is the units digit of (l + -4)/2 - (2 + -2)?
0
Let y(r) = -13*r**2 - 13*r + 2. Let n(d) = 14*d**2 + 13*d - 4. Let w(v) = -5*n(v) - 6*y(v). What is the hundreds digit of w(-8)?
4
Suppose -6*j - 7804 = 8948. Let s = -1730 - j. What is the units digit of s?
2
Let p = -29 + 9. Let g be 7/(14/p) + 1*-1. Let z = g - -158. What is the tens digit of z?
4
Suppose 6 = -3*w, 2*w - 7454 = 104*m - 105*m. What is the tens digit of m?
5
Let q = -55831 + 103776. What is the thousands digit of q?
7
Let h(j) = j**2 + 9*j - 37. Let f be h(15). Let m = -706 - -499. Let x = m + f. What is the tens digit of x?
1
Suppose -6*i - i + 4*i = -55701. What is the ten thousands digit of i?
1
Let t(f) be the third derivative of -f**4/12 + 71*f**3/6 + 48*f**2 + 2. What is the tens digit of t(-10)?
9
Let q be (-3751)/(-5) + (10 - (-102)/(-10)). Let t = q + -429. What is the units digit of t?
1
Suppose 22*j - 34*j + 324 = 0. Suppose -25*u + j*u - 1462 = 0. What is the tens digit of u?
3
Let s(g) = 155*g**3 + g**2 - 3*g + 2. Let k be s(1). Suppose -2*v = 4*y - 44, 5*v + 0*y - k = 5*y. What is the tens digit of 4/28 + 920/v?
3
Let t = -125 + 123. What is the tens digit of 57*(13 + 6/t)?
7
Let m = -10359 - -13675. What is the units digit of m?
6
Let q(u) = -45*u**3 - 2*u - 1. Let f be q(-1). Let r = 130 - f. Suppose 2*b + x = 48, -4*b + r = 2*x - 3*x. What is the units digit of b?
2
Let t = -11415 - -46806. What is the tens digit of t?
9
Suppose 0 = 22*v - 19*v - 12. Suppose -2*x = -v*x + 8. Suppose -3*z - z = 2*c - 116, -x*c - 104 = -4*z. What is the tens digit of z?
2
What is the units digit of 22777*(25/((-250)/(-30)))/(3 + 0)?
7
Let v = -180 - -183. Suppose 5*p - 1577 = 4*q - 343, p + v*q - 262 = 0. What is the hundreds digit of p?
2
Let x be -3 + 100984/(-32) + 2/(-8). Let p = -2113 - x. What is the units digit of p?
6
Let u(t) = 5*t**2 - 29*t + 39. Let p(j) = -4*j**2 + 29*j - 39. Let i(l) = 4*p(l) + 3*u(l). What is the units digit of i(11)?
9
Let k(g) = -15*g + 3*g - 2 - 6*g**2 + 41*g**3 - 5*g + 25*g**3. Let p be k(-7). What is the tens digit of (8/34)/(-2) + p/(-153)?
4
Suppose 3*z + 2636 = -256. Let k = -556 - z. What is the tens digit of k?
0
Suppose -48*z + 270433 = -2456735. What is the units digit of z?
6
Suppose 0 = 26*d - 24727 - 11335. What is the units digit of d?
7
Let p(y) = -17*y - 134. Let d be p(-8). What is the tens digit of (d*-27 - 6)*-1*7?
2
Let p(i) = i**3 + 88*i**2 + 1226*i + 138. What is the thousands digit of p(-68)?
9
Let f be (-50)/(-13) - (-11)/(858/12). Suppose 0 = -0*b + f*b - 148. Suppose -b + 41 = 4*q. What is the units digit of q?
1
What is the hundreds digit of (-22 + (-750)/(-12))*(-764)/(-6)?
1
Suppose 4 = -g + 5*g. Let z(o) = 1 - 17*o + 14*o + 2970*o**2 - 2944*o**2. What is the tens digit of z(g)?
2
Suppose 6*q + q = -4*q. Suppose v - 2*o - 394 = q, -8*v - 2*o + 1556 = -4*v. What is the tens digit of v?
9
Suppose -4*b - 56 = -3*m + 18, 3*m - 34 = -4*b. Suppose m*h = 13*h + 6050. What is the tens digit of h?
1
Let c(a) = a**3 + 14*a**2 - 3*a + 11. Let o be c(-10). Let z = -191 + o. Suppose 61*j - z = 56*j. What is the tens digit of j?
5
Suppose -4 = -2*j, -2*c + 9*j - 12*j + 36218 = 0. What is the ten thousands digit of c?
1
Suppose 31*p - 23*p = 0. Let m(l) = -l**3 - l**2 + l + 1165. What is the thousands digit of m(p)?
1
Let r(p) = -p + 144. Let n(h) = -h**2 + 4*h - 433. Let s(j) = -3*n(j) - 8*r(j). What is the units digit of s(-16)?
9
Suppose 4*o = 2*t + 14, -4*o + 4*t + 4 + 4 = 0. Suppose 0 = -3*m + 5*g - o + 88, 5*g = m - 41. Suppose 46 = b - m. What is the units digit of b?
7
What is the thousands digit of 11416790/1015 + (-4)/58?
1
Let g(m) = -39*m + 7*m + 16 - 25*m**2 - m**3 - 20*m. What is the units digit of g(-24)?
8
Suppose -3*m - 6 = 0, -14*m + 19*m = 3*i - 20734. What is the tens digit of i?
0
Let x = -78 + 121. Suppose 0 = -10*p + x + 147. Suppose -5*u - 1386 = -p*u. What is the units digit of u?
9
What is the hundreds digit of (((-2168)/120 - -17) + 2/5)*-89139?
4
Let z = 1664 - 485. What is the units digit of z?
9
Suppose 5*c + 4*d - 187 = 0, 15 = 5*d - 0*d. Suppose -76*m + c = -71*m. What is the units digit of m?
7
Suppose 5*u + 5 = 0, -u - 10 = -11*z + 8*z. Suppose 0*w - 3*w + 945 = 5*x, -z*w = -3*x - 921. What is the hundreds digit of w?
3
Let p(j) = -8*j - 16. Suppose 6 = 2*t - 5*t. Let b be p(t). Let o(v) = 4*v + 103. What is the hundreds digit of o(b)?
1
Let v = -39 + 105. Let l be (9 - 10)/(-1*(-2)/(-22)). Suppose v - l = r. What is the tens digit of r?
5
Let r = 400 + -400. Suppose -15*v - 3*i + 907 = -13*v, 3*v - 2*i - 1354 = r. What is the units digit of v?
2
Let q = -40 + 87. Suppose q = -t + 5*r, -3*t + 196 = -6*t + 4*r. Let f = t + 192. What is the hundreds digit of f?
1
Let w(j) = 3*j**2 + 11*j - 1. Suppose -2*y = 4*l + 36, 2*y - 41 = l + 2*l. What is the tens digit of w(l)?
4
Suppose -7152*v - 1366617 = -7211*v. What is the hundreds digit of v?
1
Let n = 9 + -7. Suppose 0 = -5*x + o + 37, 2*x = -n*o + 30 - 8. What is the units digit of 438/x - 18/24?
4
Let n = -449 - -644. Suppose 3*p + 4*l - n = -2*p, 3*p - 3*l - 90 = 0. What is the tens digit of p?
3
Let h(j) = 5*j**2 - 9*j - 10. Suppose s + f = -2*f - 18, 33 = -2*s - 5*f. What is the units digit of h(s)?
6
Let w be ((-6)/(-9))/((-10)/(-435)). Suppose 4*y - 15 = w. Suppose 0 = -x + y - 6. What is the units digit of x?
5
Let b(n) be the second derivative of 13*n**3/2 - 5*n**2/2 + 31*n. Let c be b(-6). Let z = c + 404. What is the units digit of z?
5
Let q = 36 + -72. Let i = 36 + q. Suppose -19*v + 15*v + 196 = i. What is the tens digit of v?
4
Let x = 7881 - 1094. What is the thousands digit of x?
6
Let m = -7686 - -21733. Suppose 14*l - 3*l = m. What is the thousands digit of l?
1
Suppose 7*q - 4 - 150 = 0. Suppose -q*j - 321 = -1509. What is the tens digit of j?
5
Suppose -4*z + 2 = -14. Suppose g - 9 + z = 0. Suppose -g*m = 4*j - 0*m - 377, -3*j + 289 = 5*m. What is the units digit of j?
8
Let r(u) = -7*u - 12. Let s be r(15). Let q(v) = 53*v**2 - 2*v + 5. Let h be q(2). Let y = h + s. What is the tens digit of y?
9
Suppose -1078130 = -98*v - 164*v. What is the thousands digit of v?
4
Let w = -5146 - -5790. What is the hundreds digit of w?
6
Suppose 2175427 + 1904672 = 326*x + 1309099. What is the hundreds digit of x?
5
Let o(i) = i**2 + 4*i - 6. Let a be o(3). Let t be (1/a)/((-10)/(-60))*20. Suppose t*q + 48 = 9*q. What is the tens digit of q?
4
Let u(i) = 226*i**2 + i + 18. What is the units digit of u(4)?
8
Let d = -342 + 638. Suppose 0 = 4*k + 4*u + d, 3*u - 222 = 3*k + 2*u. Let h = -28 - k. What is the tens digit of h?
4
Let p(f) be the third derivative of -75*f**4/8 + 203*f**3/6 - 2*f**2 + 97. What is the units digit of p(-4)?
3
Let y(r) = r + 6*r**2 + 3*r**3 - 16 + 2*r**2 - 6*r**3. Let s(v) = -4*v**3 + 7*v**2 - 17. Let m(q) = -2*s(q) + 3*y(q). What is the units digit of m(10)?
6
Let j = 95136 - 59944. What is the tens digit of j?
9
What is the hundreds digit of ((-802)/6)/(-20 + (-36461)/(-1824))?
8
What is the thousands digit of 592880/44 + ((-36)/(-22))/(-3)?
3
Let u(g) = -g**3 - 12*g + 17. 